19546456?
6
What is the ten millions digit of 26704225?
2
What is the tens digit of 1652946?
4
What is the tens digit of 2739757?
5
What is the ten thousands digit of 23657148?
5
What is the units digit of 30110?
0
What is the units digit of 375139?
9
What is the hundred thousands digit of 1272041?
2
What is the thousands digit of 676124?
6
What is the thousands digit of 379496?
9
What is the hundred thousands digit of 785131?
7
What is the units digit of 8394137?
7
What is the thousands digit of 25092441?
2
What is the ten millions digit of 10766230?
1
What is the hundred thousands digit of 370416?
3
What is the hundred thousands digit of 753188?
7
What is the hundred thousands digit of 129552?
1
What is the ten thousands digit of 8143795?
4
What is the ten millions digit of 40783246?
4
What is the thousands digit of 11053638?
3
What is the tens digit of 67820?
2
What is the ten millions digit of 13251898?
1
What is the ten thousands digit of 490008?
9
What is the hundred thousands digit of 2445916?
4
What is the units digit of 788972?
2
What is the units digit of 2668231?
1
What is the units digit of 58788?
8
What is the hundreds digit of 4929669?
6
What is the thousands digit of 375231?
5
What is the tens digit of 7459850?
5
What is the ten thousands digit of 7302049?
0
What is the tens digit of 213276?
7
What is the thousands digit of 579991?
9
What is the hundred thousands digit of 2837665?
8
What is the hundred thousands digit of 768411?
7
What is the thousands digit of 653628?
3
What is the thousands digit of 443337?
3
What is the hundreds digit of 53384?
3
What is the millions digit of 2444136?
2
What is the ten thousands digit of 365722?
6
What is the tens digit of 86663?
6
What is the hundreds digit of 288507?
5
What is the units digit of 2601361?
1
What is the millions digit of 4941949?
4
What is the hundred thousands digit of 330198?
3
What is the tens digit of 143540?
4
What is the hundreds digit of 2592591?
5
What is the tens digit of 556899?
9
What is the thousands digit of 1261524?
1
What is the units digit of 637850?
0
What is the thousands digit of 81375?
1
What is the millions digit of 1292727?
1
What is the thousands digit of 543723?
3
What is the thousands digit of 443672?
3
What is the thousands digit of 11357989?
7
What is the ten thousands digit of 3783707?
8
What is the hundreds digit of 4245433?
4
What is the tens digit of 235422?
2
What is the hundreds digit of 982306?
3
What is the hundreds digit of 1825839?
8
What is the tens digit of 3577084?
8
What is the tens digit of 4171188?
8
What is the tens digit of 872891?
9
What is the thousands digit of 794359?
4
What is the hundred thousands digit of 305573?
3
What is the hundred thousands digit of 11813177?
8
What is the hundred thousands digit of 4180789?
1
What is the tens digit of 18249531?
3
What is the ten thousands digit of 179316?
7
What is the hundred thousands digit of 581303?
5
What is the tens digit of 2237162?
6
What is the ten thousands digit of 610804?
1
What is the ten thousands digit of 7785875?
8
What is the hundred thousands digit of 1942806?
9
What is the millions digit of 4170452?
4
What is the units digit of 5734890?
0
What is the ten thousands digit of 20806339?
0
What is the tens digit of 432311?
1
What is the hundreds digit of 865299?
2
What is the tens digit of 86393?
9
What is the units digit of 1323918?
8
What is the hundreds digit of 764186?
1
What is the units digit of 5244621?
1
What is the tens digit of 7932724?
2
What is the ten thousands digit of 1676318?
7
What is the ten thousands digit of 872142?
7
What is the hundred thousands digit of 1185265?
1
What is the units digit of 3928385?
5
What is the hundreds digit of 3580510?
5
What is the tens digit of 961860?
6
What is the thousands digit of 5591266?
1
What is the hundred thousands digit of 1994865?
9
What is the tens digit of 37339?
3
What is the thousands digit of 2599552?
9
What is the hundreds digit of 493943?
9
What is the units digit of 2328586?
6
What is the hundreds digit of 128728?
7
What is the units digit of 13175617?
7
What is the tens digit of 179521?
2
What is the thousands digit of 331312?
1
What is the ten thousands digit of 183430?
8
What is the hundred thousands digit of 119496?
1
What is the thousands digit of 4429395?
9
What is the ten thousands digit of 4279872?
7
What is the thousands digit of 137059?
7
What is the hundred thousands digit of 218395?
2
What is the millions digit of 1074408?
1
What is the units digit of 2371906?
6
What is the thousands digit of 4426703?
6
What is the millions digit of 15025241?
5
What is the hundred thousands digit of 3076273?
0
What is the tens digit of 379633?
3
What is the tens digit of 489681?
8
What is the tens digit of 310194?
9
What is the tens digit of 426342?
4
What is the units digit of 1990908?
8
What is the tens digit of 395238?
3
What is the thousands digit of 938266?
8
What is the millions digit of 23545188?
3
What is the thousands digit of 238564?
8
What is the hundreds digit of 269304?
3
What is the units digit of 413829?
9
What is the units digit of 7651306?
6
What is the tens digit of 1019584?
8
What is the thousands digit of 3028636?
8
What is the hundreds digit of 14863?
8
What is the tens digit of 1588469?
6
What is the hundred thousands digit of 1397892?
3
What is the hundreds digit of 3434317?
3
What is the millions digit of 11427075?
1
What is the hundred thousands digit of 178834?
1
What is the units digit of 1138772?
2
What is the units digit of 732938?
8
What is the millions digit of 1226513?
1
What is the units digit of 6494837?
7
What is the ten thousands digit of 43691?
4
What is the thousands digit of 130088?
0
What is the hundreds digit of 236141?
1
What is the hundreds digit of 9320929?
9
What is the units digit of 10421070?
0
What is the ten thousands digit of 818025?
1
What is the tens digit of 2153089?
8
What is the hundreds digit of 167717?
7
What is the thousands digit of 2055442?
5
What is the thousands digit of 214806?
4
What is the millions digit of 6318558?
6
What is the millions digit of 9298435?
9
What is the millions digit of 6962989?
6
What is the hundreds digit of 997102?
1
What is the hundred thousands digit of 198253?
1
What is the ten thousands digit of 9151436?
5
What is the ten thousands digit of 2191923?
9
What is the ten thousands digit of 2323648?
2
What is the hundreds digit of 65518?
5
What is the thousands digit of 1203511?
3
What is the thousands digit of 346289?
6
What is the units digit of 10134999?
9
What is the units digit of 118558?
8
What is the tens digit of 145613?
1
What is the ten thousands digit of 3357843?
5
What is the units digit of 237109?
9
What is the ten thousands digit of 42686?
4
What is the hundreds digit of 18697?
6
What is the millions digit of 3974134?
3
What is the thousands digit of 20366?
0
What is the thousands digit of 747999?
7
What is the thousands digit of 2431350?
1
What is the thousands digit of 1947665?
7
What is the hundreds digit of 185579?
5
What is the millions digit of 3147810?
3
What is the ten thousands digit of 13423?
1
What is the units digit of 88857?
7
What is the units digit of 1352829?
9
What is the tens digit of 11382037?
3
What is the units digit of 2006145?
5
What is the hundreds digit of 1334216?
2
What is the thousands digit of 972415?
2
What is the hundreds digit of 124258?
2
What is the hundreds digit of 483594?
5
What is the units digit of 7036502?
2
What is the thousands digit of 1264020?
4
What is the hundred thousands digit of 1245033?
2
What is the thousands digit of 1057744?
7
What is the ten thousands digit of 1731891?
3
What is the thousands digit of 273887?
3
What is the hundreds digit of 9317842?
8
What is the hundred thousands digit of 19628297?
6
What is the thousands digit of 337208?
7
What is the ten thousands digit of 1814543?
1
What is the hundreds digit of 474372?
3
What is the hundreds digit of 138790?
7
What is the units digit of 120239?
9
What is the tens digit of 2517122?
2
What is the ten thousands digit of 17589?
1
What is the hundred thousands digit of 13816372?
8
What is the thousands digit of 345367?
5
What is the thousands digit of 79670?
9
What is the ten thousands digit of 5373715?
7
Wh